{"id":928,"date":"2014-11-13T11:34:14","date_gmt":"2014-11-13T13:34:14","guid":{"rendered":"http:\/\/www.wsamericana.com.br\/site\/?page_id=928"},"modified":"2014-11-13T11:34:14","modified_gmt":"2014-11-13T13:34:14","slug":"mancais-serie-sdn-600","status":"publish","type":"page","link":"http:\/\/www.wsamericana.com.br\/site\/produtosws\/mancais-serie-sdn\/mancais-serie-sdn-600\/","title":{"rendered":"Mancais s\u00e9rie: SDN 600"},"content":{"rendered":"<p>Clique no desenho para expandir a imagem.<br \/>\nVoc\u00ea ser\u00e1 redirecionado para uma nova janela.<\/p>\n<p>&nbsp;<\/p>\n<p><a href=\"http:\/\/www.wsamericana.com.br\/site\/pecas\/SDN_600.jpg\" target=\"_blank\"><\/p>\n<img loading=\"lazy\" decoding=\"async\" alt=\"SDN 600 - WS AMERICANA\" src=\"http:\/\/www.wsamericana.com.br\/site\/pecas\/SDN_600.jpg\" width=\"777\" height=\"789\" \/><\/a>\n<p>&nbsp;<\/p>\n<p>Mancais WS Americana<br \/>\nS\u00e9rie: <a href=\"http:\/\/www.wsamericana.com.br\/site\/produtosws\/mancais-serie-sdn\/\">SDN<\/a><br \/>\nS\u00e9rie: SDN 600<\/p>\n","protected":false},"excerpt":{"rendered":"<p>Clique no desenho para expandir a imagem. Voc\u00ea ser\u00e1 redirecionado para uma nova janela. &nbsp; &nbsp; Mancais WS Americana S\u00e9rie: SDN S\u00e9rie: SDN 600<\/p>\n","protected":false},"author":1,"featured_media":0,"parent":912,"menu_order":0,"comment_status":"open","ping_status":"open","template":"","meta":{"footnotes":""},"class_list":["post-928","page","type-page","status-publish","hentry"],"_links":{"self":[{"href":"http:\/\/www.wsamericana.com.br\/site\/wp-json\/wp\/v2\/pages\/928","targetHints":{"allow":["GET"]}}],"collection":[{"href":"http:\/\/www.wsamericana.com.br\/site\/wp-json\/wp\/v2\/pages"}],"about":[{"href":"http:\/\/www.wsamericana.com.br\/site\/wp-json\/wp\/v2\/types\/page"}],"author":[{"embeddable":true,"href":"http:\/\/www.wsamericana.com.br\/site\/wp-json\/wp\/v2\/users\/1"}],"replies":[{"embeddable":true,"href":"http:\/\/www.wsamericana.com.br\/site\/wp-json\/wp\/v2\/comments?post=928"}],"version-history":[{"count":1,"href":"http:\/\/www.wsamericana.com.br\/site\/wp-json\/wp\/v2\/pages\/928\/revisions"}],"predecessor-version":[{"id":929,"href":"http:\/\/www.wsamericana.com.br\/site\/wp-json\/wp\/v2\/pages\/928\/revisions\/929"}],"up":[{"embeddable":true,"href":"http:\/\/www.wsamericana.com.br\/site\/wp-json\/wp\/v2\/pages\/912"}],"wp:attachment":[{"href":"http:\/\/www.wsamericana.com.br\/site\/wp-json\/wp\/v2\/media?parent=928"}],"curies":[{"name":"wp","href":"https:\/\/api.w.org\/{rel}","templated":true}]}}