{"id":921,"date":"2014-11-13T11:30:32","date_gmt":"2014-11-13T13:30:32","guid":{"rendered":"http:\/\/www.wsamericana.com.br\/site\/?page_id=921"},"modified":"2014-11-13T11:32:53","modified_gmt":"2014-11-13T13:32:53","slug":"mancais-serie-sdn-500","status":"publish","type":"page","link":"http:\/\/www.wsamericana.com.br\/site\/produtosws\/mancais-serie-sdn\/mancais-serie-sdn-500\/","title":{"rendered":"Mancais s\u00e9rie: SDN 500"},"content":{"rendered":"<p>Clique no desenho para expandir a imagem.<br \/>\nVoc\u00ea ser\u00e1 redirecionado para uma nova janela.<\/p>\n<p>&nbsp;<\/p>\n<p><a href=\"http:\/\/www.wsamericana.com.br\/site\/pecas\/SDN_500.jpg\" target=\"_blank\"><\/p>\n<img loading=\"lazy\" decoding=\"async\" alt=\"SDN 500 - WS AMERICANA\" src=\"http:\/\/www.wsamericana.com.br\/site\/pecas\/SDN_500.jpg\" width=\"777\" height=\"789\" \/><\/a>\n<p>&nbsp;<\/p>\n<p>Mancais WS Americana<br \/>\nS\u00e9rie: <a href=\"http:\/\/www.wsamericana.com.br\/site\/produtosws\/mancais-serie-sdn\/\">SDN<\/a><br \/>\nS\u00e9rie: SDN 500<\/p>\n","protected":false},"excerpt":{"rendered":"<p>Clique no desenho para expandir a imagem. Voc\u00ea ser\u00e1 redirecionado para uma nova janela. &nbsp; &nbsp; Mancais WS Americana S\u00e9rie: SDN S\u00e9rie: SDN 500<\/p>\n","protected":false},"author":1,"featured_media":0,"parent":912,"menu_order":0,"comment_status":"open","ping_status":"open","template":"","meta":{"footnotes":""},"class_list":["post-921","page","type-page","status-publish","hentry"],"_links":{"self":[{"href":"http:\/\/www.wsamericana.com.br\/site\/wp-json\/wp\/v2\/pages\/921","targetHints":{"allow":["GET"]}}],"collection":[{"href":"http:\/\/www.wsamericana.com.br\/site\/wp-json\/wp\/v2\/pages"}],"about":[{"href":"http:\/\/www.wsamericana.com.br\/site\/wp-json\/wp\/v2\/types\/page"}],"author":[{"embeddable":true,"href":"http:\/\/www.wsamericana.com.br\/site\/wp-json\/wp\/v2\/users\/1"}],"replies":[{"embeddable":true,"href":"http:\/\/www.wsamericana.com.br\/site\/wp-json\/wp\/v2\/comments?post=921"}],"version-history":[{"count":5,"href":"http:\/\/www.wsamericana.com.br\/site\/wp-json\/wp\/v2\/pages\/921\/revisions"}],"predecessor-version":[{"id":927,"href":"http:\/\/www.wsamericana.com.br\/site\/wp-json\/wp\/v2\/pages\/921\/revisions\/927"}],"up":[{"embeddable":true,"href":"http:\/\/www.wsamericana.com.br\/site\/wp-json\/wp\/v2\/pages\/912"}],"wp:attachment":[{"href":"http:\/\/www.wsamericana.com.br\/site\/wp-json\/wp\/v2\/media?parent=921"}],"curies":[{"name":"wp","href":"https:\/\/api.w.org\/{rel}","templated":true}]}}