{"id":551,"date":"2014-04-03T19:44:50","date_gmt":"2014-04-03T19:44:50","guid":{"rendered":"http:\/\/www.wsamericana.com.br\/site\/?page_id=551"},"modified":"2014-11-17T09:39:06","modified_gmt":"2014-11-17T11:39:06","slug":"mancais-serie-sofn-500600","status":"publish","type":"page","link":"http:\/\/www.wsamericana.com.br\/site\/produtosws\/mancais-serie-sofn-500600\/","title":{"rendered":"Mancais s\u00e9rie: SOFN 500\/600"},"content":{"rendered":"<p>Clique no desenho para expandir a imagem.<br \/>\nVoc\u00ea ser\u00e1 redirecionado para uma nova janela.<\/p>\n<p>&nbsp;<br \/>\n<a href=\"http:\/\/www.wsamericana.com.br\/site\/pecas\/SOFN_500_600.jpg\" target=\"_blank\"><br \/>\n<img loading=\"lazy\" decoding=\"async\" alt=\"SOFN 500\/600  - WS AMERICANA\" src=\"http:\/\/www.wsamericana.com.br\/site\/pecas\/SOFN_500_600.jpg\" width=\"905\" height=\"1076\" \/> <\/a><\/p>\n<p>S\u00e9rie: <a href=\"http:\/\/www.wsamericana.com.br\/site\/produtosws\/mancais-serie-sofn\/\">SOFN<\/a><br \/>\nSOFN 500\/600<\/p>\n","protected":false},"excerpt":{"rendered":"<p>Clique no desenho para expandir a imagem. Voc\u00ea ser\u00e1 redirecionado para uma nova janela. &nbsp; S\u00e9rie: SOFN SOFN 500\/600<\/p>\n","protected":false},"author":1,"featured_media":0,"parent":306,"menu_order":0,"comment_status":"open","ping_status":"open","template":"","meta":{"footnotes":""},"class_list":["post-551","page","type-page","status-publish","hentry"],"_links":{"self":[{"href":"http:\/\/www.wsamericana.com.br\/site\/wp-json\/wp\/v2\/pages\/551","targetHints":{"allow":["GET"]}}],"collection":[{"href":"http:\/\/www.wsamericana.com.br\/site\/wp-json\/wp\/v2\/pages"}],"about":[{"href":"http:\/\/www.wsamericana.com.br\/site\/wp-json\/wp\/v2\/types\/page"}],"author":[{"embeddable":true,"href":"http:\/\/www.wsamericana.com.br\/site\/wp-json\/wp\/v2\/users\/1"}],"replies":[{"embeddable":true,"href":"http:\/\/www.wsamericana.com.br\/site\/wp-json\/wp\/v2\/comments?post=551"}],"version-history":[{"count":6,"href":"http:\/\/www.wsamericana.com.br\/site\/wp-json\/wp\/v2\/pages\/551\/revisions"}],"predecessor-version":[{"id":1017,"href":"http:\/\/www.wsamericana.com.br\/site\/wp-json\/wp\/v2\/pages\/551\/revisions\/1017"}],"up":[{"embeddable":true,"href":"http:\/\/www.wsamericana.com.br\/site\/wp-json\/wp\/v2\/pages\/306"}],"wp:attachment":[{"href":"http:\/\/www.wsamericana.com.br\/site\/wp-json\/wp\/v2\/media?parent=551"}],"curies":[{"name":"wp","href":"https:\/\/api.w.org\/{rel}","templated":true}]}}