{"id":528,"date":"2014-04-03T19:09:37","date_gmt":"2014-04-03T19:09:37","guid":{"rendered":"http:\/\/www.wsamericana.com.br\/site\/?page_id=528"},"modified":"2014-11-17T09:09:50","modified_gmt":"2014-11-17T11:09:50","slug":"cargas-admissiveis-nas-caixas-series-snh","status":"publish","type":"page","link":"http:\/\/www.wsamericana.com.br\/site\/produtosws\/mancais-serie-snh\/cargas-admissiveis-nas-caixas-series-snh\/","title":{"rendered":"Cargas admiss\u00edveis nas caixas s\u00e9ries: SNH"},"content":{"rendered":"<img loading=\"lazy\" decoding=\"async\" class=\"aligncenter size-large wp-image-529\" alt=\"13_cargas_adm_snh\" src=\"http:\/\/www.wsamericana.com.br\/site\/pecas\/CARGAS_ADMISSIVEIS_NAS_CAIXAS_SNH.jpg\" width=\"969\" height=\"1500\" \/>\n<p>Mancais WS Americana s\u00e9rie SNH<br \/>\nCargas admiss\u00edveis nas caixas s\u00e9rie: SNH<\/p>\n","protected":false},"excerpt":{"rendered":"<p>Mancais WS Americana s\u00e9rie SNH Cargas admiss\u00edveis nas caixas s\u00e9rie: SNH<\/p>\n","protected":false},"author":1,"featured_media":0,"parent":530,"menu_order":0,"comment_status":"open","ping_status":"open","template":"","meta":{"footnotes":""},"class_list":["post-528","page","type-page","status-publish","hentry"],"_links":{"self":[{"href":"http:\/\/www.wsamericana.com.br\/site\/wp-json\/wp\/v2\/pages\/528","targetHints":{"allow":["GET"]}}],"collection":[{"href":"http:\/\/www.wsamericana.com.br\/site\/wp-json\/wp\/v2\/pages"}],"about":[{"href":"http:\/\/www.wsamericana.com.br\/site\/wp-json\/wp\/v2\/types\/page"}],"author":[{"embeddable":true,"href":"http:\/\/www.wsamericana.com.br\/site\/wp-json\/wp\/v2\/users\/1"}],"replies":[{"embeddable":true,"href":"http:\/\/www.wsamericana.com.br\/site\/wp-json\/wp\/v2\/comments?post=528"}],"version-history":[{"count":5,"href":"http:\/\/www.wsamericana.com.br\/site\/wp-json\/wp\/v2\/pages\/528\/revisions"}],"predecessor-version":[{"id":1000,"href":"http:\/\/www.wsamericana.com.br\/site\/wp-json\/wp\/v2\/pages\/528\/revisions\/1000"}],"up":[{"embeddable":true,"href":"http:\/\/www.wsamericana.com.br\/site\/wp-json\/wp\/v2\/pages\/530"}],"wp:attachment":[{"href":"http:\/\/www.wsamericana.com.br\/site\/wp-json\/wp\/v2\/media?parent=528"}],"curies":[{"name":"wp","href":"https:\/\/api.w.org\/{rel}","templated":true}]}}