{"id":482,"date":"2014-04-03T18:15:49","date_gmt":"2014-04-03T18:15:49","guid":{"rendered":"http:\/\/www.wsamericana.com.br\/site\/?page_id=482"},"modified":"2014-11-17T10:32:05","modified_gmt":"2014-11-17T12:32:05","slug":"mancais-serie-sbm","status":"publish","type":"page","link":"http:\/\/www.wsamericana.com.br\/site\/produtosws\/mancais-serie-sbm-2\/mancais-serie-sbm\/","title":{"rendered":"Mancais s\u00e9rie: SBM"},"content":{"rendered":"<p>Clique no desenho para expandir a imagem.<br \/>\nVoc\u00ea ser\u00e1 redirecionado para uma nova janela.<\/p>\n<a href=\"http:\/\/www.wsamericana.com.br\/site\/pecas\/SBM_2.jpg\" target=\"_blank\"><br \/><img loading=\"lazy\" decoding=\"async\" alt=\"SBM  - WS AMERICANA\" src=\"http:\/\/www.wsamericana.com.br\/site\/pecas\/SBM_2.jpg\" width=\"955\" height=\"1315\" \/><\/a>\n<a href=\"http:\/\/www.wsamericana.com.br\/site\/pecas\/SBM_1.jpg\" target=\"_blank\"><br \/><img loading=\"lazy\" decoding=\"async\" alt=\"SBM  - WS AMERICANA\" src=\"http:\/\/www.wsamericana.com.br\/site\/pecas\/SBM_1.jpg\" width=\"955\" height=\"1315\" \/><\/a>\n<p>Mancais WS Americana<br \/>\nS\u00e9rie: <a href=\"http:\/\/www.wsamericana.com.br\/site\/produtosws\/mancais-serie-sbm-2\/\">SBM<\/a><\/p>\n","protected":false},"excerpt":{"rendered":"<p>Clique no desenho para expandir a imagem. Voc\u00ea ser\u00e1 redirecionado para uma nova janela. Mancais WS Americana S\u00e9rie: SBM<\/p>\n","protected":false},"author":1,"featured_media":0,"parent":495,"menu_order":0,"comment_status":"open","ping_status":"open","template":"","meta":{"footnotes":""},"class_list":["post-482","page","type-page","status-publish","hentry"],"_links":{"self":[{"href":"http:\/\/www.wsamericana.com.br\/site\/wp-json\/wp\/v2\/pages\/482","targetHints":{"allow":["GET"]}}],"collection":[{"href":"http:\/\/www.wsamericana.com.br\/site\/wp-json\/wp\/v2\/pages"}],"about":[{"href":"http:\/\/www.wsamericana.com.br\/site\/wp-json\/wp\/v2\/types\/page"}],"author":[{"embeddable":true,"href":"http:\/\/www.wsamericana.com.br\/site\/wp-json\/wp\/v2\/users\/1"}],"replies":[{"embeddable":true,"href":"http:\/\/www.wsamericana.com.br\/site\/wp-json\/wp\/v2\/comments?post=482"}],"version-history":[{"count":11,"href":"http:\/\/www.wsamericana.com.br\/site\/wp-json\/wp\/v2\/pages\/482\/revisions"}],"predecessor-version":[{"id":1065,"href":"http:\/\/www.wsamericana.com.br\/site\/wp-json\/wp\/v2\/pages\/482\/revisions\/1065"}],"up":[{"embeddable":true,"href":"http:\/\/www.wsamericana.com.br\/site\/wp-json\/wp\/v2\/pages\/495"}],"wp:attachment":[{"href":"http:\/\/www.wsamericana.com.br\/site\/wp-json\/wp\/v2\/media?parent=482"}],"curies":[{"name":"wp","href":"https:\/\/api.w.org\/{rel}","templated":true}]}}