{"id":403,"date":"2014-04-02T19:54:29","date_gmt":"2014-04-02T19:54:29","guid":{"rendered":"http:\/\/www.wsamericana.com.br\/site\/?page_id=403"},"modified":"2014-11-12T14:29:19","modified_gmt":"2014-11-12T16:29:19","slug":"cargas-admissiveis-nas-caixas-serie-dp-dm","status":"publish","type":"page","link":"http:\/\/www.wsamericana.com.br\/site\/produtosws\/mancais-serie-dm-30k-dm\/cargas-admissiveis-nas-caixas-serie-dp-dm\/","title":{"rendered":"Cargas admiss\u00edveis nas caixas s\u00e9rie: DP, DM"},"content":{"rendered":"<img loading=\"lazy\" decoding=\"async\" class=\"aligncenter size-large wp-image-441\" alt=\"Cargas admiss\u00edveis nas caixas s\u00e9rie: DP, DM - WS AMERICANA\" src=\"http:\/\/www.wsamericana.com.br\/site\/pecas\/CARGAS_ADMISSIVEIS_NAS_CAIXAS_DP_DM.jpg\" width=\"850\" height=\"1288\" \/>\n<p>Mancais WS Americana s\u00e9rie DM e DP<br \/>\nCargas admiss\u00edveis nas caixas s\u00e9rie: DP, DM<\/p>\n","protected":false},"excerpt":{"rendered":"<p>Mancais WS Americana s\u00e9rie DM e DP Cargas admiss\u00edveis nas caixas s\u00e9rie: DP, DM<\/p>\n","protected":false},"author":1,"featured_media":0,"parent":92,"menu_order":0,"comment_status":"open","ping_status":"open","template":"","meta":{"footnotes":""},"class_list":["post-403","page","type-page","status-publish","hentry"],"_links":{"self":[{"href":"http:\/\/www.wsamericana.com.br\/site\/wp-json\/wp\/v2\/pages\/403","targetHints":{"allow":["GET"]}}],"collection":[{"href":"http:\/\/www.wsamericana.com.br\/site\/wp-json\/wp\/v2\/pages"}],"about":[{"href":"http:\/\/www.wsamericana.com.br\/site\/wp-json\/wp\/v2\/types\/page"}],"author":[{"embeddable":true,"href":"http:\/\/www.wsamericana.com.br\/site\/wp-json\/wp\/v2\/users\/1"}],"replies":[{"embeddable":true,"href":"http:\/\/www.wsamericana.com.br\/site\/wp-json\/wp\/v2\/comments?post=403"}],"version-history":[{"count":7,"href":"http:\/\/www.wsamericana.com.br\/site\/wp-json\/wp\/v2\/pages\/403\/revisions"}],"predecessor-version":[{"id":759,"href":"http:\/\/www.wsamericana.com.br\/site\/wp-json\/wp\/v2\/pages\/403\/revisions\/759"}],"up":[{"embeddable":true,"href":"http:\/\/www.wsamericana.com.br\/site\/wp-json\/wp\/v2\/pages\/92"}],"wp:attachment":[{"href":"http:\/\/www.wsamericana.com.br\/site\/wp-json\/wp\/v2\/media?parent=403"}],"curies":[{"name":"wp","href":"https:\/\/api.w.org\/{rel}","templated":true}]}}