{"id":306,"date":"2013-11-07T17:22:48","date_gmt":"2013-11-07T17:22:48","guid":{"rendered":"http:\/\/www.wsamericana.com.br\/site\/?page_id=306"},"modified":"2014-11-27T15:56:30","modified_gmt":"2014-11-27T17:56:30","slug":"produtosws","status":"publish","type":"page","link":"http:\/\/www.wsamericana.com.br\/site\/produtosws\/","title":{"rendered":"Mancais"},"content":{"rendered":"<p>A WS Americana fabrica os seguintes mancais:<\/p>\n<p><a href=\"http:\/\/www.wsamericana.com.br\/site\/produtosws\/mancais-serie-dm-30k-dm\/\">Mancais s\u00e9rie: DM 30K-DM &#8211; DP 30K-DP<\/a>  <\/p>\n<p><a href=\"http:\/\/www.wsamericana.com.br\/site\/produtosws\/mancais-serie-f-500\/\">Mancais s\u00e9rie: F 500<\/a>  <\/p>\n<p><a href=\"http:\/\/www.wsamericana.com.br\/site\/produtosws\/mancais-serie-saf\/\">Mancais s\u00e9rie: SAF<\/a>  <\/p>\n<p><a href=\"http:\/\/www.wsamericana.com.br\/site\/produtosws\/mancais-serie-sai\/\">Mancais s\u00e9rie: SAI<\/a>  <\/p>\n<p><a href=\"http:\/\/www.wsamericana.com.br\/site\/produtosws\/mancais-serie-sbm-2\/\">Mancais s\u00e9rie: SBM<\/a>  <\/p>\n<p><a href=\"http:\/\/www.wsamericana.com.br\/site\/produtosws\/mancais-serie-sbp\/\">Mancais s\u00e9rie: SBP<\/a>  <\/p>\n<p><a href=\"http:\/\/www.wsamericana.com.br\/site\/produtosws\/mancais-serie-sbpc\/\">Mancais s\u00e9rie: SBPC<\/a>  <\/p>\n<p><a href=\"http:\/\/www.wsamericana.com.br\/site\/produtosws\/mancais-serie-sdcd\/\">Mancais s\u00e9rie: SDCD<\/a>  <\/p>\n<p><a href=\"http:\/\/www.wsamericana.com.br\/site\/produtosws\/mancais-serie-sdn\/\">Mancais s\u00e9rie: SDN<\/a>  <\/p>\n<p><a href=\"http:\/\/www.wsamericana.com.br\/site\/produtosws\/mancais-serie-s-30-k\/\">Mancais s\u00e9rie: S 30 K<\/a>  <\/p>\n<p><a href=\"http:\/\/www.wsamericana.com.br\/site\/produtosws\/mancais-serie-snh\/\">Mancais s\u00e9rie: SNH<\/a>  <\/p>\n<p><a href=\"http:\/\/www.wsamericana.com.br\/site\/produtosws\/mancais-serie-sofn\/\">Mancais s\u00e9rie: SOFN<\/a>  <\/p>\n<p><a href=\"http:\/\/www.wsamericana.com.br\/site\/produtosws\/mancais-serie-stm\/\">Mancais s\u00e9rie: STM<\/a>  <\/p>\n<p><a href=\"http:\/\/www.wsamericana.com.br\/site\/produtosws\/mancais-serie-tvn\/\">Mancais s\u00e9rie: TVN<\/a>  <\/p>\n","protected":false},"excerpt":{"rendered":"<p>A WS Americana fabrica os seguintes mancais: Mancais s\u00e9rie: DM 30K-DM &#8211; DP 30K-DP Mancais s\u00e9rie: F 500 Mancais s\u00e9rie: SAF Mancais s\u00e9rie: SAI Mancais s\u00e9rie: SBM Mancais s\u00e9rie: SBP Mancais s\u00e9rie: SBPC Mancais s\u00e9rie: SDCD Mancais s\u00e9rie: SDN Mancais s\u00e9rie: S 30 K Mancais s\u00e9rie: SNH Mancais s\u00e9rie: SOFN Mancais s\u00e9rie: STM Mancais s\u00e9rie:<\/p>\n<p class=\"readmore\"> <a href=\"http:\/\/www.wsamericana.com.br\/site\/produtosws\/\" title=\"Read Mancais\">Read more&#8230;<\/a> <\/p>\n","protected":false},"author":1,"featured_media":0,"parent":0,"menu_order":3,"comment_status":"open","ping_status":"open","template":"","meta":{"footnotes":""},"class_list":["post-306","page","type-page","status-publish","hentry"],"_links":{"self":[{"href":"http:\/\/www.wsamericana.com.br\/site\/wp-json\/wp\/v2\/pages\/306","targetHints":{"allow":["GET"]}}],"collection":[{"href":"http:\/\/www.wsamericana.com.br\/site\/wp-json\/wp\/v2\/pages"}],"about":[{"href":"http:\/\/www.wsamericana.com.br\/site\/wp-json\/wp\/v2\/types\/page"}],"author":[{"embeddable":true,"href":"http:\/\/www.wsamericana.com.br\/site\/wp-json\/wp\/v2\/users\/1"}],"replies":[{"embeddable":true,"href":"http:\/\/www.wsamericana.com.br\/site\/wp-json\/wp\/v2\/comments?post=306"}],"version-history":[{"count":18,"href":"http:\/\/www.wsamericana.com.br\/site\/wp-json\/wp\/v2\/pages\/306\/revisions"}],"predecessor-version":[{"id":1070,"href":"http:\/\/www.wsamericana.com.br\/site\/wp-json\/wp\/v2\/pages\/306\/revisions\/1070"}],"wp:attachment":[{"href":"http:\/\/www.wsamericana.com.br\/site\/wp-json\/wp\/v2\/media?parent=306"}],"curies":[{"name":"wp","href":"https:\/\/api.w.org\/{rel}","templated":true}]}}